ghest common factor of 18122713 and 1463.
133
Calculate the greatest common divisor of 3773792 and 11.
11
Calculate the greatest common divisor of 27558 and 14778.
18
What is the greatest common factor of 239291 and 1770548?
1027
Calculate the highest common factor of 2822 and 35624762.
166
What is the highest common factor of 481 and 250066313?
37
Calculate the highest common divisor of 37000 and 56680.
40
Calculate the highest common factor of 2180721 and 1230432.
5493
What is the highest common divisor of 13006092 and 1254?
66
What is the highest common divisor of 22648 and 214168?
152
What is the greatest common factor of 9503 and 2340920?
43
Calculate the greatest common factor of 59103 and 267257.
199
Calculate the greatest common divisor of 80113326 and 3884.
1942
What is the greatest common divisor of 1732 and 8577297?
433
Calculate the greatest common factor of 792 and 574707672.
792
Calculate the greatest common factor of 4000 and 187930.
10
What is the greatest common factor of 43504875 and 495?
45
What is the greatest common factor of 214 and 6218?
2
What is the greatest common factor of 7566 and 40482?
78
What is the greatest common factor of 94192350 and 3052?
1526
What is the highest common factor of 3053438 and 5332?
62
What is the greatest common divisor of 19464 and 454332?
12
Calculate the highest common factor of 3645 and 1128735.
1215
What is the highest common factor of 218316 and 31715712?
1932
Calculate the highest common factor of 125624039 and 531.
59
What is the greatest common divisor of 429 and 4731771?
33
What is the highest common factor of 2772447470 and 26?
26
What is the highest common divisor of 125546104 and 762?
254
Calculate the greatest common divisor of 11553750 and 550.
50
Calculate the greatest common divisor of 963 and 1653578.
107
Calculate the highest common divisor of 196130 and 418.
22
Calculate the highest common factor of 1178537520 and 1420.
1420
What is the greatest common factor of 1147 and 167989?
31
Calculate the highest common divisor of 5502456 and 27.
9
Calculate the highest common divisor of 229408 and 2694688.
3424
What is the greatest common factor of 33705 and 25749?
9
Calculate the highest common factor of 4533 and 2040.
3
What is the highest common divisor of 1303 and 1147943?
1303
What is the greatest common factor of 121562890 and 90?
10
Calculate the greatest common divisor of 866205444 and 22776.
11388
What is the highest common factor of 146 and 13514198?
146
Calculate the highest common divisor of 2267685 and 315.
315
What is the greatest common factor of 1036856590 and 42?
14
What is the greatest common factor of 132 and 3735479?
11
Calculate the highest common divisor of 935782 and 2023.
289
Calculate the greatest common factor of 33152 and 620928.
896
What is the highest common divisor of 1352797 and 371917?
4087
What is the highest common divisor of 777 and 72336369?
777
What is the highest common divisor of 5346 and 7812288?
1782
Calculate the greatest common factor of 7140 and 21976675.
35
What is the highest common factor of 223310061 and 52?
13
Calculate the greatest common divisor of 19998465 and 15.
15
What is the highest common divisor of 3875369 and 5?
1
What is the highest common divisor of 14210 and 4720156?
406
Calculate the highest common divisor of 21660 and 5600554.
722
What is the greatest common divisor of 181375793 and 4955?
991
What is the highest common factor of 215536 and 19264?
16
Calculate the highest common factor of 1246 and 656998.
178
What is the highest common divisor of 47968 and 818080?
32
Calculate the highest common divisor of 588 and 19988556.
84
What is the highest common divisor of 1273631 and 1912?
239
What is the highest common divisor of 1620 and 7493085?
45
Calculate the highest common divisor of 6356 and 1222622.
454
Calculate the highest common divisor of 94430955 and 485.
485
Calculate the highest common factor of 5540 and 40.
20
What is the highest common divisor of 32748 and 39822?
6
Calculate the greatest common divisor of 6732 and 1244672.
748
What is the highest common factor of 62 and 2922894706?
62
What is the highest common divisor of 1599 and 258583?
13
What is the greatest common divisor of 20827 and 13393?
59
What is the highest common divisor of 5252 and 1481069252?
5252
Calculate the highest common factor of 10970015 and 46865.
3605
Calculate the greatest common divisor of 4698 and 189138.
174
Calculate the greatest common divisor of 2060 and 279098070.
1030
What is the greatest common divisor of 137684720 and 1011?
337
Calculate the highest common factor of 57524673 and 3106.
1553
Calculate the greatest common factor of 72 and 41834268.
36
Calculate the highest common factor of 8251664 and 76636.
1564
Calculate the greatest common factor of 5 and 105354685.
5
Calculate the highest common factor of 3423160 and 122126.
454
Calculate the highest common divisor of 536 and 9383350.
134
Calculate the highest common divisor of 229947249 and 441.
147
Calculate the highest common factor of 503029896 and 339.
339
Calculate the highest common divisor of 184476352 and 1668.
556
What is the highest common factor of 142 and 224092898?
142
Calculate the highest common factor of 9947 and 1339522702.
9947
Calculate the greatest common factor of 333874 and 2750158.
3442
What is the greatest common divisor of 94 and 1944907?
47
What is the highest common divisor of 106 and 50773417?
53
What is the highest common factor of 1634040 and 2808?
216
What is the highest common factor of 43858118 and 8246?
1178
Calculate the greatest common factor of 199729504 and 496.
16
What is the highest common factor of 178822 and 56975?
53
What is the greatest common divisor of 13970311 and 255?
17
What is the highest common factor of 22243 and 5685653?
1711
Calculate the highest common factor of 412 and 7174362.
206
What is the greatest common factor of 93 and 27913950?
93
Calculate the greatest common factor of 657 and 194517.
9
What is the greatest common factor of 149000767 and 34?
17
What is the greatest common divisor of 10 and 4733824440?
10
What is the highest common divisor of 73089 and 29652478?
2707
Calculate the highest common factor of 36800 and 53242976.
736
What is the highest common divisor of 8 and 41491556?
4
What is the highest common factor of 149124178 and 268?
134
Calculate the greatest common divisor of 1475321 and 53847.
31
What is the highest common divisor of 151702 and 2829017?
751
Calculate the greatest common factor of 3445 and 236119.
13
Calculate the highest common factor of 519561 and 14.
7
Calculate the greatest common factor of 37583 and 10561.
59
What is the greatest common factor of 2731006 and 378?
2
What is the highest common divisor of 4738869 and 112659?
2397
What is the greatest common factor of 146496 and 335424?
192
What is the highest common divisor of 451500 and 180729?
129
Calculate the highest common factor of 18506875 and 1875.
625
Calculate the highest common factor of 33928642 and 423.
47
What is the greatest common factor of 198 and 2970090?
18
Calculate the greatest common divisor of 51 and 74446536.
51
Calculate the highest common divisor of 2408081 and 169.
169
Calculate the highest common factor of 2108 and 64883.
31
Calculate the highest common factor of 32837 and 838572542.
4691
Calculate the highest common divisor of 1086 and 222.
6
What is the highest common divisor of 5799297 and 2058?
147
Calculate the highest common divisor of 954137 and 9488.
593
Calculate the highest common divisor of 162 and 270492.
6
What is the highest common factor of 387 and 36329367?
129
What is the greatest common divisor of 13 and 9669582?
13
Calculate the highest common divisor of 2635637 and 265.
53
Calculate the greatest common divisor of 12978 and 167478.
618
Calculate the greatest common divisor of 63 and 5878929.
21
Calculate the greatest common factor of 6951624 and 79544.
1304
Calculate the greatest common factor of 22190640 and 432.
48
What is the greatest common factor of 86190 and 2470610?
170
Calculate the greatest common factor of 2706847 and 1144.
143
What is the highest common factor of 6251060 and 1080?
20
Calculate the highest common factor of 8191219 and 16289.
179
What is the highest common fa